{"id":18,"date":"2022-01-04T15:07:41","date_gmt":"2022-01-04T15:07:41","guid":{"rendered":"http:\/\/www.ivarschmutz.ch\/?page_id=18"},"modified":"2025-12-22T10:02:32","modified_gmt":"2025-12-22T09:02:32","slug":"ivar-schmutz","status":"publish","type":"page","link":"https:\/\/www.ivarschmutz.ch\/","title":{"rendered":"Ivar Schmutz von Schwerzenbach"},"content":{"rendered":"\n<div class=\"wp-block-ps2id-block-target\" id=\"home\"><\/div>\n\n\n\n<div class=\"wp-block-ps2id-block-target\" id=\"uebermich\"><\/div>\n\n\n\n<h2 class=\"wp-block-heading\"><strong>Schwerzenbach! Gemeinsam sind wir stark!<\/strong><\/h2>\n\n\n\n<h2 class=\"wp-block-heading\"><strong>\u00dcber mich<\/strong><\/h2>\n\n\n\n<p>Name:&nbsp;&nbsp;&nbsp;&nbsp;&nbsp;&nbsp;&nbsp;&nbsp;&nbsp;&nbsp;&nbsp;Ivar Schmutz&nbsp;&nbsp;&nbsp;&nbsp;&nbsp;&nbsp;<br>Adresse:&nbsp;&nbsp;&nbsp;&nbsp;&nbsp;&nbsp;Zielackerstrasse 1F, Schwerzenbach<br>Jahrgang: &nbsp;&nbsp;&nbsp;1970&nbsp;&nbsp;&nbsp;&nbsp;&nbsp;<br>Zivilstand:&nbsp;&nbsp;&nbsp;Verheiratet<br>Kinder:&nbsp; &nbsp;&nbsp;&nbsp;&nbsp;&nbsp;&nbsp;&nbsp;2011, 2013 und 2018<\/p>\n\n\n\n<p>Ich arbeite seit vielen Jahren bei einem grossen internationalen IT-Dienstleistungsunternehmen, zurzeit in der Position als Cloud Operations Service Delivery Manager in EMEA. Vorher war ich als IT-Netzwerk Manager und Projektleiter t\u00e4tig. Am meisten an meiner Arbeit gef\u00e4llt mir das Arbeiten mit vielen Menschen aus verschiedenen Kulturen und mit total verschiedenen Voraussetzungen aus der ganzen Welt. Zus\u00e4tzlich macht die Arbeit auch sehr Spass weil ich sehr selbst\u00e4ndig und flexibel arbeiten kann und so meine Familie auch durch den Tag etwas begleiten kann.<br>Als absoluter Familienmensch verbringe ich denn auch meine Zeit sehr gerne mit meiner Familie, Zuhause oder in der Natur. So trifft man mich oft zusammen mit unseren beiden Buben und der kleinen Tochter auf den Spiel- und Sportpl\u00e4tzen von Schwerzenbach, oder rund um den Greifensee bei einer der vielen Outdoor Aktivit\u00e4ten, denen wir in unserer Region nachkommen k\u00f6nnen.<\/p>\n\n\n\n<p><strong>Zus\u00e4tzliche T\u00e4tigkeiten und Mitgliedschaften:<\/strong><br>&#8211; Gemeinderat <a href=\"https:\/\/www.schwerzenbach.ch\" data-type=\"URL\" data-id=\"https:\/\/www.schwerzenbach.ch\" target=\"_blank\" rel=\"noreferrer noopener\">Gemeinde Schwerzenbach<\/a>, Finanzvorstand<br>&#8211; Mitglied des Stiftungsrates der Pensionskassen Stiftung meiner Arbeitgeberin<br>&#8211; Mitgliedschaft in der <a rel=\"noreferrer noopener\" href=\"https:\/\/volketswil-schwerzenbach.grunliberale.ch\/\" data-type=\"URL\" data-id=\"https:\/\/volketswil-schwerzenbach.grunliberale.ch\/\" target=\"_blank\">GLP Volketswil-Schwerzenbach<\/a><br>&#8211; Mitgliedschaft bei <a rel=\"noreferrer noopener\" href=\"https:\/\/www.kalaidosalumni.ch\/\" data-type=\"URL\" data-id=\"https:\/\/www.kalaidosalumni.ch\/\" target=\"_blank\">Alumni Kalaidos Fachhochschule Schweiz<\/a><\/p>\n\n\n\n<p><strong>Weiterbildungen:<\/strong><br>&#8211; Executive Master of Business Administration FH mit den Schwerpunkten Leadership und Strategic Management<br>&#8211; Master of Advanced Studies FH mit Schwerpunkt Unternehmensf\u00fchrung<br>&#8211; Elektrotechniker TS<\/p>\n\n\n\n<p><\/p>\n\n\n\n<div class=\"wp-block-ps2id-block-target\" id=\"gemeinderat\"><\/div>\n\n\n\n<div style=\"height:59px\" aria-hidden=\"true\" class=\"wp-block-spacer\"><\/div>\n\n\n\n<h2 class=\"wp-block-heading\"><strong>Gemeinderat<\/strong><\/h2>\n\n\n\n<p><\/p>\n\n\n\n<p><strong>Meine Motivation und Schwerpunkte:<\/strong><br>Es ist mir ein Anliegen, mich aktiv in meiner Gemeinde Schwerzenbach weiter einzubringen und das Umfeld, in dem wir uns als Familie wohl f\u00fchlen und von dem wir immer wieder profitieren konnten und k\u00f6nnen, gerne mit zu erhalten und mit zu gestalten.<\/p>\n\n\n\n<p><strong>Junge SchwerzenbacherInnen und Familien:<\/strong><br>Sie sollen sich in Schwerzenbach durch den Gemeinderat willkommen, unterst\u00fctzt, integriert und vertreten f\u00fchlen. Die Diskussion f\u00fcr einen Oberstufen-Schulbetrieb in der Gemeinde ist weiterzuf\u00fchren.<\/p>\n\n\n\n<p><strong>Weiterentwicklung:<\/strong><br>Die Weiterentwicklung der Gemeinde Schwerzenbach soll massvoll, \u00f6kologisch und \u00f6konomisch vertretbar weiter vorangetrieben werden. Eine transparente Kommunikation von Entscheiden des Gemeinderates ist mir besonders wichtig.<\/p>\n\n\n\n<p><strong>Soziales Zusammenleben:<\/strong><br><em><strong>Schwerzenbach! Gemeinsam sind wir stark!<\/strong><\/em><br>Familie, Nachbarschaft, die Kommune schliesslich\u2026 sie alle funktionieren stets am besten unter Mithilfe und Mitgestaltung ihrer einzelnen Mitglieder. Auf einem soliden, gesunden Fundament kann es unter der Teilnahme aller gelingen, Schwerzenbach\u2019s Zukunft zu sichern und die Gemeinde als lebenswerten, sicheren und attraktiven Ort zu etablieren. Gerne trage ich meinen Teil weiter dazu bei.<\/p>\n\n\n\n<div class=\"wp-block-columns is-layout-flex wp-container-core-columns-is-layout-9d6595d7 wp-block-columns-is-layout-flex\">\n<div class=\"wp-block-column is-layout-flow wp-block-column-is-layout-flow\">\n<figure class=\"wp-block-image size-full is-resized\"><a class=\"https:\/\/www.ivarschmutz.ch\/wp-content\/uploads\/2025\/12\/Flyer_2026.pdf\" href=\"https:\/\/www.ivarschmutz.ch\/wp-content\/uploads\/2025\/12\/Flyer_2026.pdf\" target=\"_blank\" rel=\"https:\/\/www.ivarschmutz.ch\/wp-content\/uploads\/2025\/12\/Flyer_2026.pdf\"><img loading=\"lazy\" decoding=\"async\" width=\"1165\" height=\"1653\" src=\"https:\/\/www.ivarschmutz.ch\/wp-content\/uploads\/2025\/12\/copyc8fa2ca0-84ff-4ff9-8b7d-61dccad15fb0_085931885000.jpg\" alt=\"\" class=\"wp-image-211\" style=\"width:103px;height:146px\" srcset=\"https:\/\/www.ivarschmutz.ch\/wp-content\/uploads\/2025\/12\/copyc8fa2ca0-84ff-4ff9-8b7d-61dccad15fb0_085931885000.jpg 1165w, https:\/\/www.ivarschmutz.ch\/wp-content\/uploads\/2025\/12\/copyc8fa2ca0-84ff-4ff9-8b7d-61dccad15fb0_085931885000-211x300.jpg 211w, https:\/\/www.ivarschmutz.ch\/wp-content\/uploads\/2025\/12\/copyc8fa2ca0-84ff-4ff9-8b7d-61dccad15fb0_085931885000-722x1024.jpg 722w, https:\/\/www.ivarschmutz.ch\/wp-content\/uploads\/2025\/12\/copyc8fa2ca0-84ff-4ff9-8b7d-61dccad15fb0_085931885000-768x1090.jpg 768w, https:\/\/www.ivarschmutz.ch\/wp-content\/uploads\/2025\/12\/copyc8fa2ca0-84ff-4ff9-8b7d-61dccad15fb0_085931885000-1083x1536.jpg 1083w\" sizes=\"auto, (max-width: 767px) 89vw, (max-width: 1000px) 54vw, (max-width: 1071px) 543px, 580px\" \/><\/a><\/figure>\n\n\n\n<figure class=\"wp-block-image size-full is-resized\"><a href=\"https:\/\/www.ivarschmutz.ch\/wp-content\/uploads\/2022\/01\/Flyer.pdf\" target=\"_blank\" rel=\"Flyer noopener\"><img loading=\"lazy\" decoding=\"async\" width=\"244\" height=\"345\" src=\"https:\/\/www.ivarschmutz.ch\/wp-content\/uploads\/2022\/01\/Bild-Flyer-1.png\" alt=\"\" class=\"wp-image-159\" style=\"width:103px;height:146px\" srcset=\"https:\/\/www.ivarschmutz.ch\/wp-content\/uploads\/2022\/01\/Bild-Flyer-1.png 244w, https:\/\/www.ivarschmutz.ch\/wp-content\/uploads\/2022\/01\/Bild-Flyer-1-212x300.png 212w\" sizes=\"auto, (max-width: 244px) 100vw, 244px\" \/><\/a><\/figure>\n<\/div>\n\n\n\n<div class=\"wp-block-column is-layout-flow wp-block-column-is-layout-flow\">\n<figure class=\"wp-block-image size-large is-resized\"><a href=\"https:\/\/www.ivarschmutz.ch\/wp-content\/uploads\/2025\/12\/plakat_a1_dasen_schmutz.jpg\" target=\"_blank\" rel=\" noreferrer noopener\"><img loading=\"lazy\" decoding=\"async\" width=\"730\" height=\"1024\" src=\"https:\/\/www.ivarschmutz.ch\/wp-content\/uploads\/2025\/12\/plakat_a1_dasen_schmutz-730x1024.jpg\" alt=\"\" class=\"wp-image-239\" style=\"aspect-ratio:0.7129201356768424;width:105px;height:auto\" srcset=\"https:\/\/www.ivarschmutz.ch\/wp-content\/uploads\/2025\/12\/plakat_a1_dasen_schmutz-730x1024.jpg 730w, https:\/\/www.ivarschmutz.ch\/wp-content\/uploads\/2025\/12\/plakat_a1_dasen_schmutz-214x300.jpg 214w, https:\/\/www.ivarschmutz.ch\/wp-content\/uploads\/2025\/12\/plakat_a1_dasen_schmutz-768x1077.jpg 768w, https:\/\/www.ivarschmutz.ch\/wp-content\/uploads\/2025\/12\/plakat_a1_dasen_schmutz-1095x1536.jpg 1095w, https:\/\/www.ivarschmutz.ch\/wp-content\/uploads\/2025\/12\/plakat_a1_dasen_schmutz.jpg 1369w\" sizes=\"auto, (max-width: 730px) 100vw, 730px\" \/><\/a><\/figure>\n<\/div>\n\n\n\n<div class=\"wp-block-column is-layout-flow wp-block-column-is-layout-flow\"><\/div>\n\n\n\n<div class=\"wp-block-column is-layout-flow wp-block-column-is-layout-flow\"><div class=\"wp-block-image\">\n<figure class=\"aligncenter size-large\"><a href=\"https:\/\/volketswil-schwerzenbach.grunliberale.ch\/\" target=\"_blank\" rel=\"https:\/\/volketswil-schwerzenbach.grunliberale.ch\/ noopener\"><img loading=\"lazy\" decoding=\"async\" width=\"1024\" height=\"149\" src=\"https:\/\/www.ivarschmutz.ch\/wp-content\/uploads\/2022\/01\/cropped-cropped-Gruenliberale_Logo_RGB_pos-1024x149.png\" alt=\"\" class=\"wp-image-73\" srcset=\"https:\/\/www.ivarschmutz.ch\/wp-content\/uploads\/2022\/01\/cropped-cropped-Gruenliberale_Logo_RGB_pos-1024x149.png 1024w, https:\/\/www.ivarschmutz.ch\/wp-content\/uploads\/2022\/01\/cropped-cropped-Gruenliberale_Logo_RGB_pos-300x44.png 300w, https:\/\/www.ivarschmutz.ch\/wp-content\/uploads\/2022\/01\/cropped-cropped-Gruenliberale_Logo_RGB_pos-768x112.png 768w, https:\/\/www.ivarschmutz.ch\/wp-content\/uploads\/2022\/01\/cropped-cropped-Gruenliberale_Logo_RGB_pos-1536x223.png 1536w, https:\/\/www.ivarschmutz.ch\/wp-content\/uploads\/2022\/01\/cropped-cropped-Gruenliberale_Logo_RGB_pos.png 1721w\" sizes=\"auto, (max-width: 767px) 89vw, (max-width: 1000px) 54vw, (max-width: 1071px) 543px, 580px\" \/><\/a><\/figure>\n<\/div><\/div>\n<\/div>\n\n\n\n<div class=\"wp-block-ps2id-block-target\" id=\"links\"><\/div>\n\n\n\n<div style=\"height:100px\" aria-hidden=\"true\" class=\"wp-block-spacer\"><\/div>\n\n\n\n<h2 class=\"wp-block-heading\"><strong>Links<\/strong><\/h2>\n\n\n\n<p><a href=\"https:\/\/www.schwerzenbach.ch\/\" data-type=\"URL\" data-id=\"https:\/\/www.schwerzenbach.ch\/\" target=\"_blank\" rel=\"noreferrer noopener\">Gemeinde Schwerzenbach<\/a><br><a href=\"https:\/\/www.schule-schwerzenbach.ch\/\" data-type=\"URL\" data-id=\"https:\/\/www.schule-schwerzenbach.ch\/\" target=\"_blank\" rel=\"noreferrer noopener\">Primarschule Schwerzenbach<\/a><br><a href=\"https:\/\/www.schule-schwerzenbach.ch\/fuer-eltern\/elternforum\/aktuelles\/p-298\/\" data-type=\"URL\" data-id=\"https:\/\/www.schule-schwerzenbach.ch\/fuer-eltern\/elternforum\/aktuelles\/p-298\/\" target=\"_blank\" rel=\"noreferrer noopener\">Elternforum Primarschule Schwerzenbach<\/a><br><a href=\"https:\/\/volketswil-schwerzenbach.grunliberale.ch\/\" target=\"_blank\" rel=\"noreferrer noopener\">Gr\u00fcnliberale Volketswil-Schwerzenbach<\/a><br><a href=\"https:\/\/zh.grunliberale.ch\/\" data-type=\"URL\" data-id=\"https:\/\/zh.grunliberale.ch\/\" target=\"_blank\" rel=\"noreferrer noopener\">Gr\u00fcnliberale Kanton Z\u00fcrich<\/a><br><a href=\"https:\/\/christianedasen.ch\/\" data-type=\"URL\" data-id=\"https:\/\/christianedasen.ch\/\" target=\"_blank\" rel=\"noreferrer noopener\">Christiane Dasen<\/a><\/p>\n\n\n\n<p><\/p>\n\n\n\n<div class=\"wp-block-ps2id-block-target\" id=\"fotos\"><\/div>\n\n\n\n<div style=\"height:100px\" aria-hidden=\"true\" class=\"wp-block-spacer\"><\/div>\n\n\n\n<h2 class=\"wp-block-heading\"><strong>Fotos<\/strong><\/h2>\n\n\n\nngg_shortcode_0_placeholder\n\n\n\n<div class=\"wp-block-ps2id-block-target\" id=\"kontakt\"><\/div>\n\n\n\n<div style=\"height:100px\" aria-hidden=\"true\" class=\"wp-block-spacer\"><\/div>\n\n\n\n<h2 class=\"wp-block-heading\"><strong>Kontaktformular<\/strong><\/h2>\n\n\n\n\n<div class=\"wpcf7 no-js\" id=\"wpcf7-f4-o1\" lang=\"de-DE\" dir=\"ltr\" data-wpcf7-id=\"4\">\n<div class=\"screen-reader-response\"><p role=\"status\" aria-live=\"polite\" aria-atomic=\"true\"><\/p> <ul><\/ul><\/div>\n<form action=\"\/index.php?rest_route=%2Fwp%2Fv2%2Fpages%2F18#wpcf7-f4-o1\" method=\"post\" class=\"wpcf7-form init\" aria-label=\"Kontaktformular\" novalidate=\"novalidate\" data-status=\"init\">\n<fieldset class=\"hidden-fields-container\"><input type=\"hidden\" name=\"_wpcf7\" value=\"4\" \/><input type=\"hidden\" name=\"_wpcf7_version\" value=\"6.1.4\" \/><input type=\"hidden\" name=\"_wpcf7_locale\" value=\"de_DE\" \/><input type=\"hidden\" name=\"_wpcf7_unit_tag\" value=\"wpcf7-f4-o1\" \/><input type=\"hidden\" name=\"_wpcf7_container_post\" value=\"0\" \/><input type=\"hidden\" name=\"_wpcf7_posted_data_hash\" value=\"\" \/>\n<\/fieldset>\n<p><label> Dein Vorname und Name<br \/>\n<span class=\"wpcf7-form-control-wrap\" data-name=\"your-name\"><input size=\"40\" maxlength=\"400\" class=\"wpcf7-form-control wpcf7-text wpcf7-validates-as-required\" aria-required=\"true\" aria-invalid=\"false\" value=\"\" type=\"text\" name=\"your-name\" \/><\/span> <\/label>\n<\/p>\n<p><label> Deine E-Mail-Adresse<br \/>\n<span class=\"wpcf7-form-control-wrap\" data-name=\"your-email\"><input size=\"40\" maxlength=\"400\" class=\"wpcf7-form-control wpcf7-email wpcf7-validates-as-required wpcf7-text wpcf7-validates-as-email\" aria-required=\"true\" aria-invalid=\"false\" value=\"\" type=\"email\" name=\"your-email\" \/><\/span> <\/label>\n<\/p>\n<p><label> Betreff<br \/>\n<span class=\"wpcf7-form-control-wrap\" data-name=\"your-subject\"><input size=\"40\" maxlength=\"400\" class=\"wpcf7-form-control wpcf7-text wpcf7-validates-as-required\" aria-required=\"true\" aria-invalid=\"false\" value=\"\" type=\"text\" name=\"your-subject\" \/><\/span> <\/label>\n<\/p>\n<p><label> Deine Nachricht<br \/>\n<span class=\"wpcf7-form-control-wrap\" data-name=\"your-message\"><textarea cols=\"40\" rows=\"10\" maxlength=\"2000\" class=\"wpcf7-form-control wpcf7-textarea\" aria-invalid=\"false\" name=\"your-message\"><\/textarea><\/span> <\/label>\n<\/p>\n<p><input class=\"wpcf7-form-control wpcf7-submit has-spinner\" type=\"submit\" value=\"Senden\" \/>\n<\/p><div class=\"wpcf7-response-output\" aria-hidden=\"true\"><\/div>\n<\/form>\n<\/div>\n\n","protected":false},"excerpt":{"rendered":"<p>Schwerzenbach! Gemeinsam sind wir stark! \u00dcber mich Name:&nbsp;&nbsp;&nbsp;&nbsp;&nbsp;&nbsp;&nbsp;&nbsp;&nbsp;&nbsp;&nbsp;Ivar Schmutz&nbsp;&nbsp;&nbsp;&nbsp;&nbsp;&nbsp;Adresse:&nbsp;&nbsp;&nbsp;&nbsp;&nbsp;&nbsp;Zielackerstrasse 1F, SchwerzenbachJahrgang: &nbsp;&nbsp;&nbsp;1970&nbsp;&nbsp;&nbsp;&nbsp;&nbsp;Zivilstand:&nbsp;&nbsp;&nbsp;VerheiratetKinder:&nbsp; &nbsp;&nbsp;&nbsp;&nbsp;&nbsp;&nbsp;&nbsp;2011, 2013 und 2018 Ich arbeite seit vielen Jahren bei einem grossen internationalen IT-Dienstleistungsunternehmen, zurzeit in der Position als Cloud Operations Service Delivery Manager in EMEA. Vorher war ich als IT-Netzwerk Manager und Projektleiter t\u00e4tig. Am meisten an meiner Arbeit gef\u00e4llt mir das &hellip; <\/p>\n<p class=\"link-more\"><a href=\"https:\/\/www.ivarschmutz.ch\/\" class=\"more-link\"><span class=\"screen-reader-text\">\u201eIvar Schmutz von Schwerzenbach\u201c <\/span>weiterlesen<\/a><\/p>\n","protected":false},"author":2,"featured_media":0,"parent":0,"menu_order":0,"comment_status":"closed","ping_status":"closed","template":"","meta":{"ngg_post_thumbnail":0,"footnotes":""},"class_list":["post-18","page","type-page","status-publish","hentry"],"_links":{"self":[{"href":"https:\/\/www.ivarschmutz.ch\/index.php?rest_route=\/wp\/v2\/pages\/18","targetHints":{"allow":["GET"]}}],"collection":[{"href":"https:\/\/www.ivarschmutz.ch\/index.php?rest_route=\/wp\/v2\/pages"}],"about":[{"href":"https:\/\/www.ivarschmutz.ch\/index.php?rest_route=\/wp\/v2\/types\/page"}],"author":[{"embeddable":true,"href":"https:\/\/www.ivarschmutz.ch\/index.php?rest_route=\/wp\/v2\/users\/2"}],"replies":[{"embeddable":true,"href":"https:\/\/www.ivarschmutz.ch\/index.php?rest_route=%2Fwp%2Fv2%2Fcomments&post=18"}],"version-history":[{"count":77,"href":"https:\/\/www.ivarschmutz.ch\/index.php?rest_route=\/wp\/v2\/pages\/18\/revisions"}],"predecessor-version":[{"id":248,"href":"https:\/\/www.ivarschmutz.ch\/index.php?rest_route=\/wp\/v2\/pages\/18\/revisions\/248"}],"wp:attachment":[{"href":"https:\/\/www.ivarschmutz.ch\/index.php?rest_route=%2Fwp%2Fv2%2Fmedia&parent=18"}],"curies":[{"name":"wp","href":"https:\/\/api.w.org\/{rel}","templated":true}]}}